late the remainder when 10290 is divided by 26.
20
What is the remainder when 1272 is divided by 85?
82
What is the remainder when 1456 is divided by 9?
7
Calculate the remainder when 75 is divided by 39.
36
What is the remainder when 194 is divided by 22?
18
What is the remainder when 115 is divided by 39?
37
What is the remainder when 282 is divided by 51?
27
Calculate the remainder when 463 is divided by 14.
1
Calculate the remainder when 2627 is divided by 91.
79
What is the remainder when 3 is divided by 3?
0
Calculate the remainder when 996 is divided by 37.
34
What is the remainder when 888 is divided by 301?
286
Calculate the remainder when 83 is divided by 4.
3
Calculate the remainder when 1095 is divided by 98.
17
Calculate the remainder when 1871 is divided by 26.
25
Calculate the remainder when 229 is divided by 47.
41
What is the remainder when 177 is divided by 32?
17
Calculate the remainder when 757 is divided by 20.
17
Calculate the remainder when 1607 is divided by 70.
67
Calculate the remainder when 892 is divided by 227.
211
Calculate the remainder when 12832 is divided by 98.
92
Calculate the remainder when 325 is divided by 37.
29
What is the remainder when 115 is divided by 36?
7
Calculate the remainder when 1861 is divided by 25.
11
Calculate the remainder when 9398 is divided by 200.
198
Calculate the remainder when 268 is divided by 56.
44
What is the remainder when 197 is divided by 45?
17
What is the remainder when 11528 is divided by 27?
26
Calculate the remainder when 2065 is divided by 53.
51
What is the remainder when 184 is divided by 47?
43
What is the remainder when 89 is divided by 11?
1
What is the remainder when 116 is divided by 27?
8
Calculate the remainder when 793 is divided by 261.
10
What is the remainder when 39 is divided by 10?
9
Calculate the remainder when 3199 is divided by 18.
13
What is the remainder when 1007 is divided by 86?
61
What is the remainder when 1288 is divided by 109?
89
Calculate the remainder when 2220 is divided by 2216.
4
Calculate the remainder when 21475 is divided by 182.
181
What is the remainder when 13 is divided by 7?
6
Calculate the remainder when 335 is divided by 12.
11
What is the remainder when 44504 is divided by 11?
9
Calculate the remainder when 337 is divided by 15.
7
Calculate the remainder when 452 is divided by 143.
23
What is the remainder when 1287 is divided by 80?
7
Calculate the remainder when 944 is divided by 14.
6
Calculate the remainder when 319 is divided by 46.
43
Calculate the remainder when 5307 is divided by 64.
59
What is the remainder when 297 is divided by 21?
3
What is the remainder when 116 is divided by 60?
56
What is the remainder when 1575 is divided by 23?
11
Calculate the remainder when 96 is divided by 10.
6
What is the remainder when 2502 is divided by 191?
19
What is the remainder when 97 is divided by 60?
37
Calculate the remainder when 1641 is divided by 182.
3
Calculate the remainder when 105 is divided by 12.
9
What is the remainder when 151 is divided by 13?
8
What is the remainder when 5027 is divided by 30?
17
Calculate the remainder when 3130 is divided by 141.
28
Calculate the remainder when 2196 is divided by 55.
51
Calculate the remainder when 9557 is divided by 177.
176
Calculate the remainder when 411 is divided by 106.
93
What is the remainder when 140 is divided by 81?
59
Calculate the remainder when 17923 is divided by 75.
73
What is the remainder when 671 is divided by 26?
21
What is the remainder when 359 is divided by 4?
3
What is the remainder when 173 is divided by 80?
13
Calculate the remainder when 104 is divided by 15.
14
Calculate the remainder when 13778 is divided by 26.
24
What is the remainder when 700 is divided by 44?
40
What is the remainder when 711 is divided by 34?
31
What is the remainder when 177 is divided by 46?
39
Calculate the remainder when 149 is divided by 43.
20
Calculate the remainder when 2110 is divided by 93.
64
What is the remainder when 303 is divided by 35?
23
What is the remainder when 48 is divided by 18?
12
What is the remainder when 15 is divided by 1?
0
Calculate the remainder when 464 is divided by 15.
14
What is the remainder when 407 is divided by 67?
5
What is the remainder when 479 is divided by 32?
31
Calculate the remainder when 25 is divided by 6.
1
What is the remainder when 7823 is divided by 1951?
19
Calculate the remainder when 162 is divided by 8.
2
Calculate the remainder when 144 is divided by 22.
12
What is the remainder when 252 is divided by 112?
28
Calculate the remainder when 342 is divided by 69.
66
What is the remainder when 1064 is divided by 234?
128
Calculate the remainder when 9942 is divided by 85.
82
What is the remainder when 11617 is divided by 10?
7
What is the remainder when 949 is divided by 372?
205
What is the remainder when 195 is divided by 110?
85
Calculate the remainder when 132 is divided by 46.
40
What is the remainder when 11 is divided by 5?
1
Calculate the remainder when 1135 is divided by 168.
127
What is the remainder when 5275 is divided by 26?
23
What is the remainder when 592 is divided by 223?
146
What is the remainder when 727 is divided by 225?
52
What is the remainder when 14890 is divided by 122?
6
Calculate the remainder when 303 is divided by 84.
51
What is the remainder when 8010 is divided by 2668?
6
Calculate the remainder when 47 is divided by 17.
13
What is the remainder when 109 is divided by 16?
13
What is the remainder when 52 is divided by 8?
4
Calculate the remainder when 93 is divided by 89.
4
Calculate the remainder when 208 is divided by 135.
73
Calculate the remainder when 7137 is divided by 20.
17
Calculate the remainder when 231 is divided by 18.
15
What is the remainder when 1103 is divided by 65?
63
What is the remainder when 4455 is divided by 194?
187
Calculate the remainder when 2288 is divided by 215.
138
Calculate the remainder when 2879 is divided by 32.
31
What is the remainder when 506 is divided by 111?
62
What is the remainder when 1319 is divided by 88?
87
Calculate the remainder when 1487 is divided by 22.
13
Calculate the remainder when 391 is divided by 79.
75
What is the remainder when 45 is divided by 38?
7
What is the remainder when 291 is divided by 15?
6
Calculate the remainder when 448 is divided by 21.
7
What is the remainder when 363 is divided by 122?
119
What is the remainder when 301 is divided by 110?
81
What is the remainder when 11570 is divided by 7?
6
What is the remainder when 41 is divided by 3?
2
Calculate the remainder when 924 is divided by 39.
27
Calculate the remainder when 239 is divided by 31.
22
Calculate the remainder when 23 is divided by 1.
0
Calculate the remainder when 369 is divided by 42.
33
Calculate the remainder when 71 is divided by 24.
23
Calculate the remainder when 99 is divided by 26.
21
What is the remainder when 3013 is divided by 101?
84
What is the remainder when 424 is divided by 421?
3
Calculate the remainder when 130 is divided by 49.
32
Calculate the remainder when 164 is divided by 40.
4
Calculate the remainder when 92 is divided by 20.
12
Calculate the remainder when 1718 is divided by 569.
11
Calculate the remainder when 323 is divided by 82.
77
Calculate the remainder when 317 is divided by 80.
77
What is the remainder when 119 is divided by 23?
4
Calculate the remainder when 1585 is divided by 58.
19
Calculate the remainder when 2888 is divided by 34.
32
Calculate the remainder when 395 is divided by 192.
11
Calculate the remainder when 231 is divided by 224.
7
Calculate the remainder when 832 is divided by 76.
72
Calculate the remainder when 104 is divided by 37.
30
What is the remainder when 2398 is divided by 12?
10
What is the remainder when 105 is divided by 95?
10
Calculate the remainder when 1395 is divided by 1394.
1
What is the remainder when 4652 is divided by 33?
32
What is the remainder when 1161 is divided by 90?
81
What is the remainder when 86 is divided by 8?
6
What is the remainder when 2096 is divided by 5?
1
Calculate the remainder when 212 is divided by 31.
26
Calculate the remainder when 64 is divided by 5.
4
Calculate the remainder when 119 is divided by 111.
8
Calculate the remainder when 79 is divided by 39.